{"id":348,"date":"2024-02-01T19:34:00","date_gmt":"2024-02-01T19:34:00","guid":{"rendered":"http:\/\/www.mnwebdesign.nstrefa.pl\/mojapolska\/?page_id=348"},"modified":"2024-02-01T19:34:00","modified_gmt":"2024-02-01T19:34:00","slug":"polityka-prywatnosci","status":"publish","type":"page","link":"https:\/\/www.mnwebdesign.nstrefa.pl\/mojapolska\/polityka-prywatnosci\/","title":{"rendered":"Polityka prywatno\u015bci"},"content":{"rendered":"<p>[et_pb_section fb_built=&#8221;1&#8243; _builder_version=&#8221;4.23.4&#8243; _module_preset=&#8221;default&#8221; background_enable_color=&#8221;off&#8221; background_image=&#8221;http:\/\/www.mnwebdesign.nstrefa.pl\/mojapolska\/wp-content\/uploads\/2023\/12\/ebook-24.png&#8221; background_position=&#8221;bottom_center&#8221; background_repeat=&#8221;repeat&#8221; custom_margin=&#8221;-13px||||false|false&#8221; custom_padding=&#8221;2px||||false|false&#8221; border_radii=&#8221;off||||&#8221; border_color_all=&#8221;#31d190&#8243; border_width_left=&#8221;10px&#8221; global_colors_info=&#8221;{}&#8221; theme_builder_area=&#8221;post_content&#8221;][et_pb_row _builder_version=&#8221;4.24.0&#8243; _module_preset=&#8221;default&#8221; max_width=&#8221;960px&#8221; custom_padding=&#8221;40px|||||&#8221; hover_enabled=&#8221;0&#8243; border_radii=&#8221;off|6px|||&#8221; border_color_all=&#8221;#7CDA24&#8243; global_colors_info=&#8221;{}&#8221; theme_builder_area=&#8221;post_content&#8221; sticky_enabled=&#8221;0&#8243;][et_pb_column type=&#8221;4_4&#8243; _builder_version=&#8221;4.24.0&#8243; _module_preset=&#8221;default&#8221; hover_enabled=&#8221;0&#8243; global_colors_info=&#8221;{}&#8221; theme_builder_area=&#8221;post_content&#8221; sticky_enabled=&#8221;0&#8243;][et_pb_text _builder_version=&#8221;4.24.0&#8243; _module_preset=&#8221;default&#8221; hover_enabled=&#8221;0&#8243; global_colors_info=&#8221;{}&#8221; theme_builder_area=&#8221;post_content&#8221; sticky_enabled=&#8221;0&#8243;]<\/p>\n<h2 style=\"text-align: center;\"><b style=\"font-size: 34px;\"><\/b><\/h2>\n<p><b style=\"font-size: 34px;\"><\/b><\/p>\n<h2 style=\"text-align: center;\"><b style=\"font-size: 34px;\">Polityka Prywatno\u015bci plik\u00f3w cookies<\/b><b><\/b><\/h2>\n<p><b style=\"font-size: 34px;\"><\/b><\/p>\n<p><span style=\"color: #333333;\"><\/span><\/p>\n<p><span style=\"font-weight: 400;\">1. Niniejsza Polityka Prywatno\u015bci okre\u015bla zasady przetwarzania danych osobowych, kt\u00f3re zosta\u0142y pozyskane od klient\u00f3w za po\u015brednictwem strony <\/span><a href=\"http:\/\/www.mnwebdesign.nstrefa.pl\/mojapolska\"><span style=\"font-weight: 400;\">http:\/\/www.mnwebdesign.nstrefa.pl\/mojapolska<\/span><\/a><span style=\"font-weight: 400;\"> (\u201eStrona\u201d).<\/span><\/p>\n<p><span style=\"font-weight: 400;\">2. Wyra\u017cenie zgody na przetwarzanie danych osobowych jest dobrowolne. Wszelkie podane dane osobowe s\u0105 przetwarzane wy\u0142\u0105cznie w zakresie i w celu, na jaki zosta\u0142a wyra\u017cona zgoda.<\/span><\/p>\n<p><span style=\"font-weight: 400;\">3. W celu cofni\u0119cia zgody na przetwarzanie danych osobowych nale\u017cy wys\u0142a\u0107 e-maila na adres <\/span><span style=\"font-weight: 400;\">admin@opsdock.pl<\/span><span style=\"font-weight: 400;\">.<\/span><\/p>\n<p><span style=\"font-weight: 400;\">4. Strona przetwarza nast\u0119puj\u0105ce dane osobowe:<\/span><\/p>\n<ol>\n<li style=\"list-style-type: none;\">\n<ol>\n<li style=\"font-weight: 400;\" aria-level=\"2\"><span style=\"font-weight: 400;\">W przypadku zapisania si\u0119 do newslettera: imi\u0119<\/span><span style=\"font-weight: 400;\">, nazwisko<\/span><span style=\"font-weight: 400;\">, e-mail; Podanie danych jest dobrowolne, lecz konieczne, by zapisa\u0107 si\u0119 do newslettera.\u00a0<\/span><\/li>\n<li style=\"font-weight: 400;\" aria-level=\"2\"><span style=\"font-weight: 400;\">W przypadku z\u0142o\u017cenia zam\u00f3wienia: imi\u0119 <\/span><span style=\"font-weight: 400;\">i nazwisko, adres e-mail, numer telefonu, adres zamieszkania, adres dostawy, je\u017celi jest inny ni\u017c adres zamieszkania oraz ewentualnie dane przedsi\u0119biorcy (firma, adres, numerem NIP<\/span><span style=\"font-weight: 400;\">). Sk\u0142adaj\u0105c zam\u00f3wienie Kupuj\u0105cy wyra\u017ca zgod\u0119 na przetwarzanie swoich danych osobowych dla cel\u00f3w realizacji procesu sprzeda\u017cy, w tym wysy\u0142ki towaru oraz realizacji uprawnie\u0144 wynikaj\u0105cych z reklamacji oraz w celach ksi\u0119gowych.<\/span><\/li>\n<\/ol>\n<\/li>\n<\/ol>\n<p><span style=\"font-weight: 400;\">5. Administratorem Danych Osobowych jest Paulina Nadobnika <\/span><span style=\"font-weight: 400;\">prowadz\u0105ca\/y<\/span><span style=\"font-weight: 400;\"> niezarejestrowan\u0105 dzia\u0142alno\u015b\u0107 gospodarcz\u0105 pod adres: Sworzyce 22, 62-065 Grodzisk Wielkopolski.<\/span><\/p>\n<p><span style=\"font-weight: 400;\">6. Dane osobowe przetwarzane s\u0105 zgodnie z ustaw\u0105 o ochronie danych osobowych, Rozporz\u0105dzeniem Parlamentu Europejskiego i Rady (UE) 2016\/679 z dnia 27 kwietnia 2016 r. w sprawie ochrony os\u00f3b fizycznych w zwi\u0105zku z przetwarzaniem danych osobowych i w sprawie swobodnego przep\u0142ywu takich danych oraz uchylenia dyrektywy 95\/46\/WE (og\u00f3lne rozporz\u0105dzenie o ochronie danych) (RODO) oraz rozporz\u0105dzeniem Ministra Spraw Wewn\u0119trznych i Administracji z dnia 29 kwietnia 2004 r. (Dz. U. Nr 100, poz. 10024) w sprawie dokumentacji przetwarzania danych osobowych oraz warunk\u00f3w technicznych i organizacyjnych, jakim powinny odpowiada\u0107 urz\u0105dzenia i systemy informatyczne, s\u0142u\u017c\u0105ce do przetwarzania danych osobowych.<\/span><\/p>\n<p><span style=\"font-weight: 400;\">7. Dane te mog\u0105 by\u0107 przekazywane podmiotom trzecim w zakresie niezb\u0119dnym do realizacji procesu sprzeda\u017cy, w szczeg\u00f3lno\u015bci wysy\u0142ki towaru, dokonania p\u0142atno\u015bci, realizacji reklamacji oraz zaksi\u0119gowania sprzeda\u017cy. Lista podmiot\u00f3w kt\u00f3re przetwarzaj\u0105 dane:<\/span><\/p>\n<ol>\n<li style=\"list-style-type: none;\">\n<ol>\n<li style=\"list-style-type: none;\">\n<ol>\n<li style=\"font-weight: 400;\" aria-level=\"2\"><span style=\"font-weight: 400;\"><span>MailerLite Limited, sp\u00f3\u0142ka zarejestrowana w Irlandii pod adresem 38 Mount Street Upper, Dublin 2, D02 PR89 Irlandia<\/span>\u2013 w celu korzystania z systemu mailingowego, w kt\u00f3rym przetwarzane s\u0105 dane, je\u017celi zapisa\u0142e\u015b si\u0119 do newslettera<\/span><span style=\"font-weight: 400;\"><\/span><\/li>\n<\/ol>\n<\/li>\n<\/ol>\n<\/li>\n<\/ol>\n<p><span style=\"font-weight: 400;\">8. U\u017cytkownik ma prawo dost\u0119pu do tre\u015bci swoich danych oraz prawo ich sprostowania, usuni\u0119cia, ograniczenia przetwarzania, prawo do przenoszenia danych, prawo wniesienia sprzeciwu, prawo do cofni\u0119cia zgody w dowolnym momencie bez wp\u0142ywu na zgodno\u015b\u0107 z prawem przetwarzania, kt\u00f3rego dokonano na podstawie zgody przed jej cofni\u0119ciem.<\/span><\/p>\n<p><span style=\"font-weight: 400;\">9. U\u017cytkownik ma prawo wniesienia skargi do Prezesa Urz\u0119du Ochrony Danych Osobowych, gdy uzna, \u017ce przetwarzanie danych osobowych narusza przepisy RODO lub ustawy o ochronie danych osobowych.<\/span><\/p>\n<p><span style=\"font-weight: 400;\">10. Dane osobowe przechowywane s\u0105 przez okres:<\/span><\/p>\n<ol>\n<li style=\"list-style-type: none;\">\n<ol>\n<li style=\"font-weight: 400;\" aria-level=\"2\"><span style=\"font-weight: 400;\">w zakresie newslettera: przez czas funkcjonowania newslettera, chyba \u017ce z\u0142o\u017cone zostanie o\u015bwiadczenia o rezygnacji z jego otrzymywania, co spowoduje usuni\u0119cie danych z bazy;<\/span><\/li>\n<li style=\"font-weight: 400;\" aria-level=\"2\"><span style=\"font-weight: 400;\">w przypadku z\u0142o\u017cenia zam\u00f3wienia: do czasu przedawnienia roszcze\u0144 wynikaj\u0105cych z umowy sprzeda\u017cy, w tym przez okres r\u0119kojmi, a w zakresie danych na fakturach VAT przez okres 5 lat od ko\u0144ca roku podatkowego, w kt\u00f3rym nast\u0105pi\u0142o wystawienie faktury.<\/span><\/li>\n<\/ol>\n<\/li>\n<\/ol>\n<p><span style=\"font-weight: 400;\">11. Strona nie zbiera w spos\u00f3b automatyczny \u017cadnych informacji, z wyj\u0105tkiem informacji zawartych w plikach cookies (dane komputera). Pliki cookies stanowi\u0105 dane informatyczne, w szczeg\u00f3lno\u015bci pliki tekstowe, kt\u00f3re przechowywane s\u0105 w urz\u0105dzeniu ko\u0144cowym U\u017cytkownika Serwisu (komputer, laptop, tablet, smartfon) i przeznaczone s\u0105 do korzystania ze Strony.<\/span><\/p>\n<p><span style=\"font-weight: 400;\">12. Dane gromadzone przy u\u017cyciu plik\u00f3w cookies (tzw. ciasteczka) s\u0105 zbierane w celu zapewnienia prawid\u0142owego dzia\u0142ania strony, realizacji procesu zam\u00f3wienia\u00a0 (<\/span><span style=\"font-weight: 400;\">w tym zapami\u0119tywania towar\u00f3w dodanych do koszyka. Dane te s\u0105 zaszyfrowane w spos\u00f3b uniemo\u017cliwiaj\u0105cy dost\u0119p do nich osobom nieuprawnionym<\/span><span style=\"font-weight: 400;\">) i prawid\u0142owego dzia\u0142ania pop-up\u00f3w i formularzy. W przypadku skorzystania z tej opcji korzystanie ze Strony b\u0119dzie mo\u017cliwe, poza funkcjami, kt\u00f3re ze swojej natury wymagaj\u0105 plik\u00f3w cookies. U\u017cytkownik ma mo\u017cliwo\u015b\u0107 ograniczenia lub wy\u0142\u0105czenia dost\u0119pu plik\u00f3w cookies do swojego urz\u0105dzenia.\u00a0 Pliki cookies s\u0105 wykorzystywane r\u00f3wnie\u017c do gromadzenia danych w celu:<\/span><\/p>\n<ol>\n<li style=\"list-style-type: none;\">\n<ol>\n<li style=\"list-style-type: none;\">\n<ol>\n<li style=\"font-weight: 400;\" aria-level=\"2\"><span style=\"font-weight: 400;\">\u00a0Analizy i Statystyk (liczba odwiedzaj\u0105cych stron\u0119, jak \u0142\u0105cz\u0105 si\u0119 ze stron\u0105 , czas sp\u0119dzony na stronie etc),\u00a0<\/span><\/li>\n<li style=\"font-weight: 400;\" aria-level=\"2\"><span style=\"font-weight: 400;\">Marketingu (wykorzystywane do kierowania reklam na portach spo\u0142eczno\u015bciowych lub wyszukiwarkach internetowych).<\/span><\/li>\n<li style=\"font-weight: 400;\" aria-level=\"2\"><span style=\"font-weight: 400;\">Narz\u0119dzi Spo\u0142eczno\u015bciowych (taki jak udost\u0119pnij na portalu spo\u0142eczno\u015bciowych lub polub\/subskrybuj wybrany profil na danym portalu spo\u0142eczno\u015bciowym),<\/span><\/li>\n<\/ol>\n<\/li>\n<\/ol>\n<\/li>\n<\/ol>\n<p>13. Wi\u0119cej informacji na temat plik\u00f3w cookies dost\u0119pnych jest pod adresem wszystkoociasteczkach.pl lub w sekcji \u201ePomoc\u201d w menu przegl\u0105darki internetowej.<\/p>\n<p>[\/et_pb_text][\/et_pb_column][\/et_pb_row][\/et_pb_section][et_pb_section fb_built=&#8221;1&#8243; admin_label=&#8221;Call To Action&#8221; _builder_version=&#8221;4.23.4&#8243; background_color=&#8221;#31d190&#8243; transform_translate=&#8221;-10px|0px&#8221; transform_translate_linked=&#8221;off&#8221; width=&#8221;93%&#8221; module_alignment=&#8221;right&#8221; custom_margin=&#8221;||10vw|||&#8221; custom_margin_tablet=&#8221;||20vw|&#8221; custom_margin_phone=&#8221;&#8221; custom_margin_last_edited=&#8221;on|phone&#8221; border_color_all=&#8221;#000000&#8243; border_width_right=&#8221;6vw&#8221; border_color_right=&#8221;#ffffff&#8221; box_shadow_style=&#8221;preset4&#8243; box_shadow_vertical=&#8221;0px&#8221; box_shadow_color=&#8221;#000000&#8243; locked=&#8221;off&#8221; global_colors_info=&#8221;{}&#8221; theme_builder_area=&#8221;post_content&#8221;][et_pb_row column_structure=&#8221;3_5,2_5&#8243; _builder_version=&#8221;4.16&#8243; custom_margin=&#8221;-18px|auto||auto||&#8221; global_colors_info=&#8221;{}&#8221; theme_builder_area=&#8221;post_content&#8221;][et_pb_column type=&#8221;3_5&#8243; _builder_version=&#8221;4.16&#8243; custom_padding=&#8221;|||&#8221; global_colors_info=&#8221;{}&#8221; custom_padding__hover=&#8221;|||&#8221; theme_builder_area=&#8221;post_content&#8221;][et_pb_image src=&#8221;http:\/\/www.mnwebdesign.nstrefa.pl\/mojapolska\/wp-content\/uploads\/2023\/12\/author-icon-09-2.png&#8221; align=&#8221;center&#8221; _builder_version=&#8221;4.16&#8243; animation_direction=&#8221;bottom&#8221; always_center_on_mobile=&#8221;off&#8221; global_colors_info=&#8221;{}&#8221; theme_builder_area=&#8221;post_content&#8221;][\/et_pb_image][et_pb_text _builder_version=&#8221;4.16&#8243; text_font=&#8221;||||||||&#8221; header_font=&#8221;||||||||&#8221; header_2_font=&#8221;Montserrat|800||on|||||&#8221; header_2_font_size=&#8221;60px&#8221; header_2_line_height=&#8221;1.2em&#8221; header_3_font=&#8221;Montserrat|700|||||||&#8221; header_3_font_size=&#8221;16px&#8221; header_3_line_height=&#8221;1.4em&#8221; text_orientation=&#8221;center&#8221; background_layout=&#8221;dark&#8221; module_alignment=&#8221;right&#8221; text_font_size_tablet=&#8221;16px&#8221; text_font_size_phone=&#8221;14px&#8221; text_font_size_last_edited=&#8221;on|phone&#8221; text_line_height_tablet=&#8221;1.8em&#8221; text_line_height_phone=&#8221;1.7em&#8221; text_line_height_last_edited=&#8221;off|phone&#8221; header_2_font_size_tablet=&#8221;40px&#8221; header_2_font_size_phone=&#8221;25px&#8221; header_2_font_size_last_edited=&#8221;on|desktop&#8221; global_colors_info=&#8221;{}&#8221; theme_builder_area=&#8221;post_content&#8221;]<\/p>\n<h2>Azure powershell kit<\/h2>\n<p><span>Odkryj pot\u0119g\u0119 po\u0142\u0105czenia PowerShell z Azure! Gotowe zapytania Kusto, skrypty PowerShell i unikalne dodatki u\u0142atwi\u0105 Ci efektywne zarz\u0105dzanie zasobami w chmurze.<\/span><\/p>\n<p>[\/et_pb_text][et_pb_button button_text=&#8221;Kup Teraz&#8221; button_alignment=&#8221;center&#8221; _builder_version=&#8221;4.24.0&#8243; custom_button=&#8221;on&#8221; button_text_size=&#8221;16px&#8221; button_text_color=&#8221;#ffffff&#8221; button_bg_color=&#8221;rgba(0,0,0,0)&#8221; button_border_width=&#8221;2px&#8221; button_border_radius=&#8221;0px&#8221; button_font=&#8221;Montserrat|700|||||||&#8221; button_use_icon=&#8221;off&#8221; background_layout=&#8221;dark&#8221; custom_padding=&#8221;16px|38px|16px|38px|true|true&#8221; hover_enabled=&#8221;0&#8243; locked=&#8221;off&#8221; global_colors_info=&#8221;{}&#8221; button_bg_color__hover=&#8221;rgba(255,255,255,0.1)&#8221; button_border_color__hover=&#8221;rgba(0,0,0,0)&#8221; button_text_color__hover=&#8221;#000000&#8243; button_text_color__hover_enabled=&#8221;on&#8221; theme_builder_area=&#8221;post_content&#8221; sticky_enabled=&#8221;0&#8243;][\/et_pb_button][\/et_pb_column][et_pb_column type=&#8221;2_5&#8243; _builder_version=&#8221;4.16&#8243; custom_padding=&#8221;|||&#8221; global_colors_info=&#8221;{}&#8221; custom_padding__hover=&#8221;|||&#8221; theme_builder_area=&#8221;post_content&#8221;][et_pb_image src=&#8221;http:\/\/www.mnwebdesign.nstrefa.pl\/mojapolska\/wp-content\/uploads\/2023\/12\/ebook-32.jpg&#8221; align_tablet=&#8221;center&#8221; align_phone=&#8221;&#8221; align_last_edited=&#8221;on|desktop&#8221; _builder_version=&#8221;4.16&#8243; max_width_tablet=&#8221;400px&#8221; max_width_phone=&#8221;&#8221; max_width_last_edited=&#8221;on|desktop&#8221; custom_margin=&#8221;||-180px&#8221; custom_padding=&#8221;|||&#8221; animation_direction=&#8221;bottom&#8221; box_shadow_style=&#8221;preset3&#8243; box_shadow_vertical=&#8221;40px&#8221; box_shadow_blur=&#8221;80px&#8221; box_shadow_spread=&#8221;-20px&#8221; box_shadow_color=&#8221;rgba(0,0,0,0.8)&#8221; global_colors_info=&#8221;{}&#8221; theme_builder_area=&#8221;post_content&#8221;][\/et_pb_image][\/et_pb_column][\/et_pb_row][\/et_pb_section]<\/p>\n","protected":false},"excerpt":{"rendered":"<p>Polityka Prywatno\u015bci plik\u00f3w cookies 1. Niniejsza Polityka Prywatno\u015bci okre\u015bla zasady przetwarzania danych osobowych, kt\u00f3re zosta\u0142y pozyskane od klient\u00f3w za po\u015brednictwem strony http:\/\/www.mnwebdesign.nstrefa.pl\/mojapolska (\u201eStrona\u201d). 2. Wyra\u017cenie zgody na przetwarzanie danych osobowych jest dobrowolne. Wszelkie podane dane osobowe s\u0105 przetwarzane wy\u0142\u0105cznie w zakresie i w celu, na jaki zosta\u0142a wyra\u017cona zgoda. 3. W celu cofni\u0119cia zgody na [&hellip;]<\/p>\n","protected":false},"author":1,"featured_media":0,"parent":0,"menu_order":0,"comment_status":"closed","ping_status":"closed","template":"","meta":{"_et_pb_use_builder":"on","_et_pb_old_content":"","_et_gb_content_width":"","footnotes":""},"_links":{"self":[{"href":"https:\/\/www.mnwebdesign.nstrefa.pl\/mojapolska\/wp-json\/wp\/v2\/pages\/348"}],"collection":[{"href":"https:\/\/www.mnwebdesign.nstrefa.pl\/mojapolska\/wp-json\/wp\/v2\/pages"}],"about":[{"href":"https:\/\/www.mnwebdesign.nstrefa.pl\/mojapolska\/wp-json\/wp\/v2\/types\/page"}],"author":[{"embeddable":true,"href":"https:\/\/www.mnwebdesign.nstrefa.pl\/mojapolska\/wp-json\/wp\/v2\/users\/1"}],"replies":[{"embeddable":true,"href":"https:\/\/www.mnwebdesign.nstrefa.pl\/mojapolska\/wp-json\/wp\/v2\/comments?post=348"}],"version-history":[{"count":6,"href":"https:\/\/www.mnwebdesign.nstrefa.pl\/mojapolska\/wp-json\/wp\/v2\/pages\/348\/revisions"}],"predecessor-version":[{"id":425,"href":"https:\/\/www.mnwebdesign.nstrefa.pl\/mojapolska\/wp-json\/wp\/v2\/pages\/348\/revisions\/425"}],"wp:attachment":[{"href":"https:\/\/www.mnwebdesign.nstrefa.pl\/mojapolska\/wp-json\/wp\/v2\/media?parent=348"}],"curies":[{"name":"wp","href":"https:\/\/api.w.org\/{rel}","templated":true}]}}